p(6). Suppose -5*z = -u + 543, 60*u = -z + 64*u - 82. Let w = x - z. List the prime factors of w.
2, 5
Let u(r) = -630*r + 876. What are the prime factors of u(-3)?
2, 3, 461
Suppose -542*g = -279*g - 268*g + 11255. What are the prime factors of g?
2251
Let a(g) = 11*g**2 - 50*g - 19. Let j be a(-25). Suppose 61*x = 40*x + j. List the prime factors of x.
2, 193
Let w(d) = -94*d**3 - 3*d**2 + 52*d + 149. List the prime factors of w(-5).
2, 7, 59
Suppose -112 = 167*a - 174*a. Suppose -3*b = -4*z + 825, 4*b + a = 4. What are the prime factors of z?
2, 3, 17
What are the prime factors of (15*(-1622)/(-18))/((-3)/(-9))?
5, 811
List the prime factors of (1 - 0)*19*5763/51.
19, 113
Let n be (30/4 + 2)/((-4)/8). Let o = 19 + n. Suppose -b - 2*z + 111 = o, z = -2*b - 0*z + 231. List the prime factors of b.
3, 13
Let g(o) = -12*o - 53. Let x(n) = n**3 + 2*n**2 - 10*n - 4. Let p be x(-5). What are the prime factors of g(p)?
5, 59
Suppose -123*s - 107*s = 33*s - 8788408. List the prime factors of s.
2, 4177
Let r be 101 + (-9 - (-6 + 3)). Suppose -91*v = -r*v + 1468. List the prime factors of v.
367
Suppose -4*b + 231 = 3*b. Let s = b + -27. What are the prime factors of (-7 + s)*-246*1?
2, 3, 41
Let b = 109 + -177. Let u = -63 - b. What are the prime factors of (8 - u)*(-88)/(-3)?
2, 11
Suppose -4*j = -5*p - 47, j = -4*j + 5*p + 55. Let q(k) = 6*k**2 - 5*k + 9. List the prime factors of q(j).
353
Suppose 2*j + 2*j - 4*z = 1052, 528 = 2*j - z. Let c = -244 + 94. Let u = c + j. What are the prime factors of u?
5, 23
Let k(r) be the third derivative of -3*r**4/8 - 13*r**3/6 - r**2. Suppose 75 = -5*z + 60. What are the prime factors of k(z)?
2, 7
Suppose -3*m + m + 3*r = -31, 0 = -m - 4*r - 1. Suppose -m*y = 424 + 566. List the prime factors of ((-4)/5)/((-534)/y + -6).
2, 3
Let k = -29 + 31. Suppose 5*x - 580 = -5*h, -4*x + k*h + h + 464 = 0. List the prime factors of x/4*4 - 2.
2, 3, 19
Let m = -11702 + 15332. List the prime factors of m.
2, 3, 5, 11
List the prime factors of (-88640)/(-11) - ((-650)/143)/(-25).
2, 3, 17, 79
Suppose 0 = 2*d - 4*u - 1418, 4*d + u - 639 = 2215. List the prime factors of -3 + -4 + 15 + d.
7, 103
Let c(z) = z**2 + 12*z + 40. Let f be c(-11). Suppose -2*t + 485 = -f. List the prime factors of t.
257
Let z(n) = 132*n**2 - 26*n + 160. What are the prime factors of z(5)?
2, 3, 5, 37
Let j(y) = -5 + 2*y - 4 + 0 + 6. Let o be j(4). Suppose -11*r + 54 = -o*r. What are the prime factors of r?
3
Let x(l) = 2*l**2 - 17*l - 3. Let r be x(7). Let j(h) = -2*h - 48. Let a be j(r). Let g(b) = -b + 39. List the prime factors of g(a).
3, 13
Let b(c) = -46*c**3 + 37*c + 37. Let q(k) = 15*k**3 - 13*k - 13. Let r(f) = 4*b(f) + 11*q(f). Let s = 13 + -15. What are the prime factors of r(s)?
3, 7
Let u(v) = 16*v - 25. Let d(a) = -26 - 8*a + a + 7*a + 15*a. Let m(i) = 3*d(i) - 4*u(i). List the prime factors of m(-5).
3, 13
Let d(q) = -526*q**3 - 2*q**2 + 2*q + 4. Let r be d(-2). Suppose 4*x = -8*x + r. What are the prime factors of x?
2, 5, 7
Let o(i) = 27*i**2 + 41*i + 2915. List the prime factors of o(-56).
19, 67
Suppose 11 - 2 = 2*l - q, q - 5 = -5*l. Suppose -z = l*g - 430, g + 80 = -z + 297. What are the prime factors of g?
3, 71
Let b(p) = p**3 - 27*p**2 - 14*p - 74. Let d be 21 - (5 - (-72)/(-6)). List the prime factors of b(d).
2, 3, 53
Suppose -4 = 2*q - 4*q + 2*v, -2*q + 5*v + 4 = 0. Suppose -q*h = -3*r + 617, -201 + 1 = -r - 5*h. Suppose -r - 500 = -5*w. What are the prime factors of w?
3, 47
Suppose -2*m - 2926 = 594. Let a = m + 2639. List the prime factors of a.
3, 293
Suppose 51*g = 316 + 143. Let n(p) be the second derivative of p**4/6 - 5*p**3/3 + 5*p**2/2 - p. What are the prime factors of n(g)?
7, 11
List the prime factors of (-1638)/4*(-5328)/518 + 7.
4219
Let f = 11280 - 109. What are the prime factors of f?
11171
Let c(w) = 29*w**2 - 224*w - 105. What are the prime factors of c(33)?
2, 3, 223
Suppose 0 = 3*o - 4*s - 31455, 13*s - 20969 = -2*o + 16*s. What are the prime factors of o?
17, 617
Suppose 1744 = 5*f + 384. Suppose -f = -2*p + 176. What are the prime factors of p?
2, 7
Let x(s) = 73*s + 150. Let u(n) = 24*n + 50. Let a(l) = -7*u(l) + 2*x(l). What are the prime factors of a(-19)?
2, 23
Let r be -1 + 2 + 1/(3 - 2). Let x(c) = 38*c - 5. Let v be x(r). Let o = v - 41. List the prime factors of o.
2, 3, 5
Suppose -5*g = -36 - 44. What are the prime factors of (11 - g)*51/(-3)?
5, 17
Let m(h) = -3*h. Let r be m(-7). Suppose f - 41 = -5*q, q + 3*f = 4*q - r. Suppose -w = -q*w + 105. List the prime factors of w.
3, 5
Let w be 51/(-12)*12/(-3). Suppose 2*t + 6*t = 672. Let y = t - w. List the prime factors of y.
67
Let r(k) be the first derivative of -k**2/2 - 13*k + 4. Let a(o) = 4*o + 53. Let u(f) = -2*a(f) - 9*r(f). List the prime factors of u(12).
23
Let g(t) = 3*t + 24. Let q be g(-7). Suppose 5*i = 2*a + q*i + 14, a + i + 1 = 0. What are the prime factors of (-5 - -1)*158/a?
2, 79
Suppose -3*z = 3, 4*b - 6*z + 9*z + 3 = 0. Suppose -12*t + 3683 + 3373 = b. What are the prime factors of t?
2, 3, 7
Suppose 2494*m - 28560 = 2487*m. List the prime factors of m.
2, 3, 5, 17
Let z(t) = 7*t**2 - 16*t - 25. Let m(d) = -14*d + 33. Let a be m(3). List the prime factors of z(a).
2, 7
Suppose k = 2*i + 4*k + 10, 0 = -2*i + 5*k + 22. Let b(j) = 89*j**3 + j + 1600*j**2 - 1600*j**2. What are the prime factors of b(i)?
2, 3, 5
Suppose -6*x = 2*x + 10*x. Suppose x = -4*r + 4, -r - 4*r + 373 = o. What are the prime factors of o?
2, 23
Suppose 59 = 5*i + 2134. Let y = i + 1248. List the prime factors of y.
7, 17
Let h(n) = -n**2 + 4*n + 19. Let s be h(4). Let a(o) = 17*o + 178. List the prime factors of a(s).
3, 167
Let i be 4/8 + (-63)/18. Let p = -59 + 83. Let w = p - i. List the prime factors of w.
3
What are the prime factors of 4/26 - (-16 + (-646870)/65)?
2, 7, 89
Let d be (13 - (-18 + 24)) + (-4)/1. Let b = 226 + -158. Suppose -d*c = -34 - b. List the prime factors of c.
2, 17
Suppose i - 6*c - 408 = -5*c, 0 = 4*i + c - 1652. What are the prime factors of i?
2, 103
Suppose -171*b = -169*b - 8. Suppose b = -11*z + 9*z, 2*c - 4*z - 754 = 0. List the prime factors of c.
373
Suppose -40*i - 32*i + 80*i = 39672. What are the prime factors of i?
3, 19, 29
Let f(i) = 4*i + 17. Let z be f(-6). List the prime factors of 1033 - (4 + 8 + z).
2, 257
Let p(u) be the third derivative of -3*u**4/8 + 173*u**3/6 - 63*u**2. What are the prime factors of p(-24)?
389
Suppose -237040 = -52*j + 12*j. List the prime factors of j.
2, 2963
Let r be (-1590)/(-106)*(-4)/6. Let m(j) = j**3 - 6*j**2 + 5*j + 6. Let o be m(5). List the prime factors of (o/r)/((-13)/130).
2, 3
Let i be (8 - 210/18) + (-2)/(-3). Let y be 4/6 - (i + 19734/(-18)). Suppose -y = -4*n - 392. List the prime factors of n.
3, 59
Suppose 49*w - 56*w = 141*w - 552336. List the prime factors of w.
2, 3, 311
Suppose i + 3*v + 4492 = 0, 2954 = -2*i - 5*v - 6033. What are the prime factors of -6 + (-9)/(63/i)?
7, 13
Let a(v) = -v**3 - 51*v**2 + 53*v + 57. Let w be a(-52). Suppose 5*b + w*s = 4350, -s - 2557 - 73 = -3*b. What are the prime factors of b?
5, 7
Let t(q) = q**2 - 5*q + 19. Let o = 4 - 4. Suppose -w - 13 + 5 = o. What are the prime factors of t(w)?
3, 41
What are the prime factors of (-59360)/(-30)*39/26?
2, 7, 53
Suppose -1 = 3*f - 2*s + 1, 24 = 2*f + 5*s. Let g be 202/f + (11 - 14). Let o = g + 42. What are the prime factors of o?
2, 5, 7
Let n(j) = 3*j**2 + 11*j - j**2 - 9 - 20*j - j**2. What are the prime factors of n(19)?
181
Let a be (2/(-3))/(4/(-24)). Let y(t) = -4*t**3 + 3*t**3 + 5 - t - 3*t + 2*t + 5*t**2. What are the prime factors of y(a)?
13
Let p(w) = 11*w - 25*w**2 - 33 + 49*w**2 - 42*w - 21*w**2. List the prime factors of p(12).
3
Let k = 30 + -39. Let s be (-3*2/(-4))/(k/120). List the prime factors of -2*(-5)/s*-354.
3, 59
Let m(y) = -145*y**3 - 2*y**2 - 37*y - 57. List the prime factors of m(-6).
3, 37, 283
Let x(y) = 1435*y + 344. List the prime factors of x(28).
2, 3, 11, 307
Let l(f) be the first derivative of -7*f**4/2 + 2*f**3/3 + 3*f**2/2 + 3*f + 7. Let h be 2 + -2 - (2 + 0). What are the prime factors of l(h)?
3, 13
Suppose -3*o - 5*s + 5925 = 0, -4*s = -2*o - 1542 + 5514. Suppose -6*w + 0*w = o. List the prime factors of (9/3)/((27/w)/(-3)).
2, 5, 11
Supp